1 - -24).
-5
16 - (29 + 1 - (-62 + 68))
-8
What is the value of 3 - (-6 + 10 - -22) - (-3 - 2)?
-18
What is the value of 5 + (-2 - 0 - (-27 - (11 + -45)))?
-4
(-2 + 17 - 4) + -57 + -11 + 22
-35
What is the value of -7 - (8 + (8 - 37) + -3 + -1)?
18
What is the value of -11 + (5 - -7) + 11?
12
Evaluate (-4 + -5 + 3 + 11 - 0) + 6.
11
What is the value of 24 + 47 + -49 + (-1 - 7)?
14
What is (-23 + 30 - (5 + 7)) + 1 + 7?
3
What is 12 + 0 - 5 - (1 + -5 + 0)?
11
What is the value of (-11 - 1 - -12) + 1?
1
Calculate -1 + -1 + 8 - ((20 - 5) + -14).
5
Evaluate 78 - 50 - (24 - 3).
7
What is (-1 - -9 - 13) + -11 + 4?
-12
What is the value of -27 + 1 - (-369 + 352)?
-9
-7 + -8 + (-3 - 9) - (-10 + 1)
-18
Calculate 15 - (36 + -21 + 10).
-10
Calculate 15 - ((17 - -25) + -17).
-10
(-1 - -1 - -18) + (1365 - 1381)
2
Evaluate (17 + -28 - (-2 + -1)) + 7.
-1
What is 6 + (4 - 0 - (-37 + 42)) + -7?
-2
Calculate (3 - ((2 - 9) + 10)) + (-24 - -1).
-23
What is (-12 - -8 - -1 - 0) + -1?
-4
What is the value of (-88 - -21 - -30) + 32?
-5
-48 - -6 - (100 - 129)
-13
Calculate -3 + 4 + (1 - 3) + -5 + -2.
-8
Evaluate 4 + (5 - 7 - (8 + 1 + -4)).
-3
What is the value of -4 + (-4 - (-2 - 11 - -2)) + 1?
4
60 + (-26 - (-1 - -20))
15
What is 8 + -7 + (-1 + (4 - 6) - -3)?
1
What is -16 - ((21 - 13) + -5)?
-19
What is 8 + (2 - -1 - (-23 + 30))?
4
What is the value of -1 + -11 + -17 + 9 + -9?
-29
What is the value of (-13 + -13 - -21 - 21) + -1 + 3?
-24
Calculate (-74 - -61) + (27 - 10).
4
What is 7 + (-19 - (20 - 9))?
-23
Calculate -21 + 14 - 2 - (0 + 2 + -1).
-10
12 + 12 + -25 + (0 - 2) + 0
-3
What is the value of (-18 - 9) + 11 - -8?
-8
Evaluate (-14 - -6) + (-80 - -121).
33
What is the value of -7 + 1 + (-16 + 8 - -18)?
4
What is -1 + -16 - ((-13 - -22) + -27 - -11)?
-10
Calculate (33 - 22) + 13 - 5.
19
Evaluate -1 - (8 - 6) - (-11 + -8).
16
(6 - (12 - (-1 - (5 + -15)))) + -1
2
What is the value of 14 - (10 + 13 + -7)?
-2
What is -1 - (-29 + 20 - (-1 - -6))?
13
(1 + 1 - -3) + -32 + 12 + 30
15
Evaluate 0 - -5 - (21 - (-7 + 36)).
13
What is -69 + 80 + 1 + -7 - 1?
4
(-344 - -347) + (3 - 8) + 0 + 1
-1
Calculate 10 - -2 - (-90 - -105).
-3
What is (-9 - -1) + (24 + -7 - (31 + -28))?
6
What is the value of 5 - (22 + 6 + -16)?
-7
Evaluate 1 + 17 + -9 - 26.
-17
-6 + -2 + (-2 - -1) + -28 + 33
-4
Evaluate 3 + (-3 - 2 - -4) - -4 - -14.
20
0 + -61 - -22 - -36
-3
-1 - (2 + 6 - (15 - -3))
9
What is 7 - (15 + (-5 - (-2 - 5) - 14))?
4
14 - ((11 - 22) + 27)
-2
7 + (-34 - -1) + -3 + 10
-19
Calculate -1 + (-5 - -3) - -1 - -13.
11
What is the value of (0 - (5 + -9) - 9) + 6?
1
What is the value of 22 - (2 - 2) - ((-7 - 24) + 21)?
32
What is 6 - ((-8 - -10) + (3 - 0))?
1
What is -1 - (-6 + (0 - 2) + -14 + 6)?
15
Evaluate -18 - 1 - -5 - -28 - 12.
2
Evaluate 2 - (2 + 2) - 9 - -2.
-9
Calculate 16 - (1 - -1) - (27 + -15).
2
What is 30 + -14 + -12 + 7?
11
What is the value of (19 - 5) + 1 - (-9 + (9 - 5))?
20
What is -12 + (-13 - 6 - -16)?
-15
Evaluate -24 - (-98 + 97 - (-9 - 1) - 9).
-24
What is the value of 5 + (4 - 8) + -3 + 18 + -16?
0
What is the value of -9 + (-5 + (13 - 4) - -8) + 8?
11
Evaluate 5 - 6 - (1 - (9 + (-2 - -1))).
6
What is the value of -13 + (19 - (-14 + 19)) + -35?
-34
What is -5 + 0 + -4 + (-2 + 3 - -2)?
-6
What is the value of (10 - 19 - 3) + 8 - (12 - -10)?
-26
Evaluate 1 + 21 + -354 + 308.
-24
Evaluate -356 + 345 - (15 - 0) - (-11 + 0).
-15
What is 4 - (-3 - 2) - (-14 - -22)?
1
Calculate -1 + 12 + -71 + 65 + 2 + -1.
6
-438 + 403 - (-9 + 2 - (3 - 4))
-29
What is the value of (12 + -20 - -5) + (11 - 12)?
-4
Evaluate -2 + 84 + -64 + -3 + 4.
19
-4 + 7 + (4 + -1 - -5)
11
What is the value of 27 + 8 + (-33 - -13) - 3?
12
Evaluate (12 - (16 - -20)) + 23.
-1
What is the value of -970 - -948 - (-15 - -1)?
-8
What is -1 + 1 + 7 + -2187 + 2183?
3
(206 - 205) + 1 + -11
-9
Calculate 7 + -16 + 13 + -14.
-10
Evaluate -22 + (3 - 15) + (-25 - -6) + 19.
-34
What is (-7 - -4) + 2 + 1 + -14 + 16?
2
What is the value of -9 + 3 + 6 + -9 + -1?
-10
What is 2 + 11 + -25 + -11?
-23
What is the value of 10 - (-12 - (6 + -20))?
8
Calculate 4 - (20 + -5) - (-5 - -3).
-9
Evaluate -8 + -10 + (25 - 14) + -12.
-19
What is the value of (-1 - 8) + (18 - (12 - -24))?
-27
Calculate (0 - -2) + (40 - (-2 - -36)).
8
Evaluate -44 + (-36 - -97) + 17.
34
What is (-15 - (-12 - 3)) + 9?
9
What is the value of (283 - 287) + 13 + (-3 - -5)?
11
Evaluate 1 - 1 - (17 - (1 - -25)).
9
What is 2 + 2 - (-55 - -50 - 2)?
11
Calculate -11 - (18 - 6 - 17) - (7 + -2).
-11
What is the value of -18 + -1 + 9 + -3?
-13
Evaluate (-6 - -7 - -8) + -2 + 4 + 5.
16
Calculate (61 - 39) + (-23 - -2).
1
Calculate 9 - (-2 + -1 - (-11 + 9 + -5)).
5
What is (-7 - -1) + 20 + (-16 - -13)?
11
What is -2 + 5 + 3 + -1 - (54 - 26)?
-23
Evaluate -7 + (-16 - (-11 + 1)).
-13
What is the value of 10 + (-8 + 0 - (-5 - -2))?
5
Calculate 1 + 2 - (-302 - -300).
5
Evaluate -19 - (13 + -13 + -2 - -7).
-24
Calculate (-7 - -1) + 14 + 3.
11
-6 - ((102 - 98) + 0 + -1 + -10)
1
(-13 + -2 + -3 - -9) + 3
-6
What is -5 + (19 - 20) + -18?
-24
Evaluate (-50 - -43) + 49 + -22.
20
Calculate (-4 - (3 + -1) - -7) + -7.
-6
Evaluate 15 + 16 - (-3 + 16 + -5).
23
What is the value of -8 - (-3 + 7 - -3 - (5 + 1))?
-9
Calculate -13 + 1 + (7 - 4) - -26.
17
What is the value of -2 + -3 - (-275 + 290)?
-20
Calculate -5 + -1 + (13 - (-20 + 26)).
1
Evaluate -5 + (-13 - -27) + -29 + -2.
-22
-39 + 66 + -12 - (2 + 9)
4
-2 + 0 + (-3 - 2) + (3 - 1)
-5
Calculate (1 - 1 - 4 - -11) + -2 + -2.
3
Evaluate 0 + (1 - 2) - -2 - (13 + -22).
10
What is -27 + 1 + 18 + -3 + -2?
-13
-2 + 18 - (-10 + 39 + -5)
-8
What is the value of -18 + -3 + 40 + -3?
16
Evaluate (-6 - -19) + -9 - (-14 + 15).
3
What is the value of 3 + 8 - (-7 - -26)?
-8
What is the value of (2 - (-1 + 18) - -2) + 9 + -12?
-16
Evaluate -10 + (-2 + -7 - (-67 - -53)).
-5
Calculate (49 + -148 - -49) + (-1 - -14).
-37
87 - 77 - (-2 + (3 - 0))
9
What is the value of -2 + 0 + -2 - (13 + -13)?
-4
What is the value of -21 - (5 - 9 - 14)?
-3
Evaluate 22 + 6 + -16 - 21.
-9
Calculate 27 + (7 + -8 + 2 + 7 - 16).
19
What is -16 + (-20 + 7 - -14)?
-15
What is 9 + -26 + -4 + 13?
-8
-28 - 2 - (25 - 39)
-16
-41 - -56 - (23 - (-3 - -9))
-2
What is 43 - (-33 - -23 - (3 + -31))?
25
What is (11 - (52 + -16) - (4 - 2)) + -7?
-34
What is the value of 9 + 5 + 9 + -11 + -1 + -14?
-3
Calculate -15 - (-15 + 14 - -5).
-19
Evaluate 1 - 26 - -12 - -36.
23
Evaluate 7 + -14 + (-22 - (-3 - (2 - 3))).
-27
4 - 41 - -18 - (-2 - 8)
-9
Evaluate -13 - (28 - 14 - 21).
-6
Calculate (9 - 7) + (1 + 0 - 14).
-11
What is 7 + 19 + 0 + -9?
17
-1 + 4 - 11 - (-9 + 19 + -18)
0
What is the value of -4 + -14 + 10 - -17?
9
Calculate -18 + 1 - (-210 - -195).
-2
Calculate (110 - 118) + (-1 - -2 - -1).
-6
Calculate -13 - (-3 - -3 - 7).
-6
What is the value of -20 + (11 - -30) - 4?
17
Calculate (3 + (1 - 0) - -3) + -5 + 0.
2
What is the value of 22 - 43 - -26 - (-6 + -2)?
13
-1 + 6 - ((7 - -1) + (16 - 11))
-8
Evaluate (4 - (0 - 1)) + 0 + -11.
-6
What is the value of -30 + -1 - (-12 + -45)?
26
(-18 - 11 - -15 - -6) + -19
-27
What is (12 - (-4 - -10)) + -38?
-32
9 + (6 - (-8 - -7) - -6)
22
Evaluate -7 - -28 - (4 + (1 - -7)).
9
What is the value of 246 + -260 + (0 - (-3 - 1))?
-10
(37 - 41) + 5 + -1 + 1 - -21
22
Calculate -11 + (-4 - (-5 + -21)).
11
What is the value of -3 - -2 - (-233 + 205)?
27
Calculate (-4 - -17) + 4 + -1 + 3.
19
What is 113 + -111 - (0 + 2)?
0
What is -1 + -8 + -9 + 10 + 21?
13
Evaluate -14 + 3 - (-11 - -6) - (0 + 0).
-6
What is the value of 67 - 31 - (-1 - -34)?
3
Calculate -12 + (-1 - -12 - 2).
-3
Calculate -17 + (-1 - (7 + -14)).
-11
-4 - ((-18 + 8 - -4) + -4)
6
Evaluate -18 - -18 - (-6 + 5 + -3).
4
Evaluate -2 + -8 + (10 + -20 - 1).
-21
What is -25 + 13 - (-4 + -6 + 1 + 3)?
-6
Calculate -4 - -2 - ((1 - 3) + 3).
-3
(1 - -2) + 8 + -5 - 18
-12
-1 - 4 - ((-9 - -7) + -7)
4
12 + 5 + -5 + -6 + 7
13
Calculate (18 - -3) + (72 - 109).
-16
What is -3 + 2 + 4 + 2 - (0 + -4)?
9
Calculate 7 + -4 + 5 + (14 - 11).
11
Evaluate 6 + -1 - (17 - (12 + -10 + -1)).
-11
Calculate (-4 - (0 - -8) - -5) + 6.
-1
What is -13 - (-32 + 6 + 2)?
11
4 - (-1 + (4 + -10 - (-5 - 2)))
4
(-852 - -837) + 15 + -2
-2
Evaluate (0 - -7 - 17) + (3 - 0).
-7
What is -5 + -1 + -104 + 102?
-8
Evaluate -7 + 6 + (-3 - -1) - (